culate (1367 - 1366) + (-7 - 2).
-8
Evaluate 13 - ((0 - -7) + -2) - (43 + -5).
-30
What is the value of 4 + -5 + (-9 - -7) + (-13 - -8)?
-8
What is the value of (-88 - -66) + -2 - 87?
-111
Calculate 3 - (200 + -146 + 0 + 0 - 4).
-47
What is 41 + 54 + -94 + 65?
66
What is -4 - (0 - (-1 + -35)) - ((-18 - -7) + 22)?
-51
What is the value of -11 + (30 + (40 - 18) - -4)?
45
Calculate 102 - (-49 + (123 - 15)).
43
(-18 + 10 + 8 - 6) + (92 + -3 - -4)
87
What is (-10 - (5 + -19) - -7) + 64 + -9 + 1?
67
Calculate (-56 - -18) + 64 + -12 + 4.
18
Calculate 77 - (30 - (-66 - -63)).
44
What is (-17 - 1) + -1938 + 1946 + (1 - 0 - 79)?
-88
Calculate -17 - (-33 + 20) - ((-1 - -3) + 35 + 41).
-82
Calculate (-7 - -2) + (-3 - -16) + (3 - 30) + 2.
-17
What is 44 + 11 - (-21 + 90)?
-14
What is 132 - 156 - (6 + -10) - -65?
45
-24 + 10 + -21 + -2 + 20
-17
What is 321 + -350 + -2 + 65 + -6?
28
Evaluate -340 - -300 - (53 + 27).
-120
Calculate -5 + -5 + -12 + 13 - (0 - 47) - 8.
30
What is the value of 90 - ((-36 - (-53 - -10) - (8 + 0)) + 5)?
86
Calculate 12 + (-82 + -3 - -2) + -37 + 38.
-70
Calculate 4 + 1 + (42 - 129) + -11 + 22 + 20.
-51
Calculate (3 - (38 + -30 - 6)) + -1 + -1 - 1.
-2
Evaluate -69 + -46 + (234 - 115).
4
What is the value of -31 - (-3 + 1 + 16 + -8 + 20 + -15)?
-42
Evaluate 64 - (33 + (46 - 24)).
9
Calculate -38 + 2 + (-949 - -957) - 16.
-44
What is the value of -44 + 11 + 1 + 4 + 143 + -149?
-34
8 - -39 - (-408 - -402)
53
What is the value of 152 + -76 + -10 + 9?
75
What is the value of -5258 + 5325 + (2 - (2 - -16) - 0)?
51
Calculate -63 + 79 + (-42 - -33) + (40 + 1 - 1).
47
Calculate -91 + -2 + 15 + -15 + 11.
-82
What is the value of (14 - (79 - 60 - (8 + 2))) + 48?
53
Evaluate -19 - -129 - 23 - 88.
-1
Calculate (-6 - ((-6 - -1) + 19 + (12 - 22))) + 56.
46
Evaluate 62 + -61 + 0 + -2 + 3 + -1 + 43.
44
Calculate -1 + (61 - -3 - (17 + (18 - 33))).
61
(7 - 14 - 32) + 97 - -16
74
What is the value of -24 - (8 + (33 - 5) + -74)?
14
What is the value of 1100 + -1089 + (-1 + 4 + (-11 - 1) - 1)?
1
What is the value of 56 - -5 - (-18 + (27 - 43))?
95
What is 1 - 0 - (20 + -15 + -12 + 17 + -4)?
-5
What is -3 - -2 - (12 - 36)?
23
Calculate 5 + -2 + -22 + (-247 - -309).
43
Calculate (33 - 13) + -38 - -17.
-1
Calculate -41 - -30 - ((-5 - (3 - 1)) + 5).
-9
What is 13 - ((13 - -19) + -33 + -1 + -28)?
43
Calculate -1 - (-9 + 8 + 5) - (-17 - (-6 - 115)).
-109
What is the value of -9 - ((13 - 6) + (-23 - -28) + -40)?
19
What is the value of 96 + (-150 - (-37 - -76))?
-93
Evaluate 74 - 54 - (12 - 37).
45
What is 1 + (5 - 10) + 25 - -21?
42
Evaluate -8 + 4 + 10 + 1 - 147 - (-23 + 18).
-135
Evaluate 2 + -73 - -12 - (7 - (5 - (6 + 2))).
-69
-8 + (-9 - (3 + -1) - -14)
-5
What is -4 + (-9 - ((20 - 2) + 4 + (12 - 16)))?
-31
Calculate 20 + -9 + (6 - (7 - (-69 - -20))).
-39
Evaluate -109 + -32 + 47 - -212.
118
What is the value of 0 - -27 - ((147 - 112) + -43 + 1 + 13)?
21
Evaluate 3 + 4 - 0 - (19 - -30) - (13 - 1).
-54
What is -151 + 113 - (8 - 61)?
15
Evaluate -11 - ((25 - 0) + -30 + (32 - 14)).
-24
(-19 - (-1 - 2)) + (16 - -1) + -57
-56
(-5 - -52 - (36 + -14)) + -10
15
Evaluate 59 - (16 + -43) - (13 - 14).
87
What is the value of (19 + -42 - -97) + -109?
-35
Calculate (-53 - (-58 - -63)) + 90.
32
Calculate 16 + 1 + (-134 - (14 + -14) - -37).
-80
Evaluate 22 - (-2 + -1) - (6 - -8).
11
Calculate (24 - 12) + (-5 - -8) - 0 - -26.
41
Evaluate -33 + (1 + -5 - 2 - -10) + 1 + 4.
-24
What is -2 + -1 + -117 + 67?
-53
What is -214 + (-103 - -4) + 221?
-92
Calculate -1 + 0 + 48 + -77 + (127 - 53).
44
What is -18 + (-3 - -2) + (32 - -70) - 8?
75
Calculate (-3 + 6 + -15 - -12) + (44 - 4) + 5.
45
Calculate 29 + (-25 - -8) + (-7 + 72 + 5 - 1).
81
Evaluate 314 + -311 - (3 - (-3 - (-1 - -136) - 3)).
-141
What is the value of 2 + -40 + -1 - (-19 - (33 - 27 - 28))?
-42
What is 28 - (27 + 56 - 70)?
15
What is the value of (-10 - (-56 + 2)) + -6 + (-52 - -45)?
31
What is -9 - (23 + (-28 - 0))?
-4
Evaluate -17 - -8 - (-53 + 24 + 14 + (-3 - 42)).
51
Evaluate -32 + 70 + 21 - 110.
-51
18629 - 18788 - (-124 - -1)
-36
What is the value of 7 - (34 - (-43 - -85))?
15
What is the value of -9 + (-1 + (-1 - 14) - 7) - (14 - 3)?
-43
Evaluate (-173 + 183 - (-8 + -1)) + -6 - 49.
-36
Evaluate -7 + 15 + -12 + 19 + -13.
2
Evaluate -4 + 21 + -7 + (-1 - (-11 - -5)).
15
4 - (39 + 4 - -17) - -10
-46
-6 + -12 - (0 - (-10 - -79)) - 7
44
What is 11 + (-16 + 1 - (19 - 17 - -4))?
-10
Evaluate 73 - (111 + (62 - 84)).
-16
Evaluate 48 + 0 + 195 + 48 + -246.
45
8 - (11 + 5 + -13) - -9 - (37 + -42)
19
Evaluate 1 + 45 - (896 - 877).
27
(12 + -28 - -28 - 14) + 14
12
What is the value of 10 + 4 + -4 + (49 - 60) + -14?
-15
-4 - (43 + 21 + -70)
2
0 + 54 + -9 + (-72 - -39)
12
4 + 3 + 35 + (-35 - 5) + -58
-56
Evaluate -16 - -9 - (7 + (18 - 2) + -140).
110
Evaluate -1033 + 1011 + (1 - -1).
-20
What is -1 - (-1 + 43 + -76 - 98)?
131
What is the value of (26 - 49) + 19 - 17 - (-64 - -3)?
40
What is 14 - 0 - 2 - (7 - ((-2 - -18) + 9))?
30
What is the value of 0 - (-42 + 70 - 36)?
8
Evaluate -69 + (89 - -4) - (-21 - 3).
48
What is 12 + 4 + (3 - (9 - -4)) + 2?
8
What is (-42 - (-78 + 140)) + -25?
-129
Evaluate -17 + 63 + (-2 - 5) + -13 + 11 + 0.
37
-3 - -1 - 41 - (-3259 + 3228)
-12
-38 + (68 - (77 - 107))
60
Evaluate -3 + 24 + -6 + (-10 - 58 - -24).
-29
(-157 - (-66 + -98)) + 67 + -1
73
What is the value of (-19 + 1 - 5 - (1 - -1)) + 204 + -212?
-33
Calculate 153 + 106 + -202 + 52.
109
Calculate 177 + (64 - (-81 - -222)).
100
Evaluate -105 + (6 - (32 + -21)) - -11.
-99
What is 85 + -93 - (-5 + -1) - (71 + -27)?
-46
What is (2 + 16 - (184 + -177)) + 26?
37
What is (34 - ((4 - -12) + 1)) + 1?
18
Calculate (5 - 17) + (-3 + 1 - -3) + -117 + 12.
-116
Evaluate 33 - (62 - 25) - ((-4 - -3) + 0).
-3
(25 - (7 + -3)) + -7 + 9 + 4
27
-3 + 0 + -2 + (216 - 227)
-16
Evaluate -10 + (1 - (-6 - 19)) + -86.
-70
14 + 16 + 14 - 10
34
-35 - -124 - (11 - (7 - (17 - -1)))
67
Calculate (-31 - (-18 + -8)) + -35 + (-9 - 0).
-49
What is the value of -3 - -63 - (25 - (-36 + 55))?
54
Calculate (60 - 40 - 31) + -16.
-27
What is 348 + -345 + (18 + -11 + -10 - (-14 - -1))?
13
Evaluate 17 + (-31 - -6) + -24 + (5 - 2).
-29
What is the value of -98 - ((122 - 50) + -61 + (-17 - 1))?
-91
(72 - 32) + -29 - (-5 - -22)
-6
(-2533 - -2568) + 5 + -26
14
Calculate 7 + -89 + -1 + (9 + -8 - (82 - 75)).
-89
Evaluate 18 + 46 + (-32 - 71) - 40.
-79
What is (-4 - (4 - -1)) + 8 + 0 + -8 + 52?
43
Calculate -8 + (15 - 16 - 9) + 19.
1
Evaluate 17 - (0 - (16 - 6 - -18)).
45
What is 195 + -290 - (4 - -3 - 16 - -2)?
-88
What is the value of -31 - (6 - 46) - (2 + -17)?
24
Calculate 57 - (-22 + 23) - (-6 + 9 - -5).
48
What is the value of 36 + -71 + 22 + (0 - -5)?
-8
What is 273 - (130 - 22 - -32)?
133
What is the value of (49 - (-185 + 76)) + -75?
83
What is the value of (6 - (-64 - -6)) + (-4 - -4)?
64
Evaluate (12 + -48 - 10) + (129 - 53).
30
What is (-447 - -471) + -3 + 13?
34
What is -35 + 22 + 26 + (-10 - (2 + 0)) - 28?
-27
Evaluate (-26 - (40 - 78)) + -18.
-6
Evaluate -15 + 38 + -17 + -1 + -25 + -51.
-71
Evaluate -22 + (3 - 114) + 175.
42
-1 + 14 + (-4602 - -4493)
-96
Calculate 1 + 0 - (-12 + 90 - 74).
-3
What is the value of 33 + 13 + (10 - (3 - (7 - 20)))?
40
What is the value of -5 - (76 + -6) - (45 - 42) - (0 - -9)?
-87
Evaluate 133 + -155 + 56 + 2 - -4.
40
Evaluate -36 + -50 + 28 + 18.
-40
What is the value of 16 - (-30 + 11 + 2 + (-13 - -8))?
38
What is (-3 - 2) + (67 + -288 - -149)?
-77
-9 - -12 - (40 + 2) - (-5 + (-4 - -5))
-35
Calculate (-38 - (28 + -15)) + 62.
11
What is -103 + 78 - (8 + -4 - 6)?
-23
Calculate -102 - (-106 - 142 - -61).
85
What is the value of 0 + -38 + 693 + -690 + -11?
-46
Evaluate (-23 - -2) + (1684 - 1638).
25
81 + -40 - -5 - -13
59
What is the value of -20 + 6 - -2 - (-47 + 31) - (91 - 1)?
-86
Evaluate 132 - (-48 + 109 - 21).
92
What is the value of (2 - 0 - -13) + (5 - (146 - 87))?
-39
Evaluate 18 - 8 - (-11 + (51 - 14)).
-16
Evaluate -8 + 1 + -3 - (101 - (24 - (34 - 13))).
-108
-80 - ((90 - 47) + -133)
10
Calculate (22 - (-5 - -9) - (-10 + 17)) + -31.
-20
Evaluate -158 - -159 - (-11 + 1) - -18.
29
What is the value of (5 + -61 - -47) + (-1 - -2 - -6) + 16?
14
5 + ((-8 - -1) + (-16 - -18) - (-23 - -24))
-1
Calculate -9 + (-8 - -28) + 66 + -70.
7
Calcul